15388050?
True
Is 1449118351 a multiple of 14301?
False
Does 560 divide 81722480?
True
Is 25615904 a multiple of 782?
False
Is 297447079 a multiple of 34?
False
Is 268 a factor of 5385202825?
False
Is 98 a factor of 1418053891?
False
Is 9536142 a multiple of 14?
True
Is 366 a factor of 67938554?
False
Does 1674 divide 41824890?
True
Does 13 divide 106715515?
False
Does 138 divide 288714630?
True
Is 41607986 a multiple of 126?
False
Does 49 divide 1621128?
False
Does 13 divide 10248561?
False
Is 1152731296 a multiple of 14?
False
Is 22 a factor of 541752332?
True
Does 415 divide 21957650?
True
Does 9 divide 118942182?
True
Is 27831852 a multiple of 18?
True
Is 451 a factor of 454364911?
True
Is 315525698 a multiple of 7071?
False
Does 18 divide 410495312?
False
Is 1094706296 a multiple of 17?
True
Is 3499 a factor of 136328038?
True
Does 15 divide 5226309405?
True
Is 1809 a factor of 637356363?
False
Does 1319 divide 47373204?
True
Is 1455682071 a multiple of 21?
False
Does 304 divide 23724464?
True
Is 2217657200 a multiple of 22?
True
Does 86 divide 48243162?
True
Is 6 a factor of 13275500?
False
Is 792 a factor of 26154239?
False
Does 169 divide 150448988?
False
Is 11 a factor of 295986256?
False
Does 2792 divide 4605713912?
True
Is 132818586 a multiple of 4338?
False
Is 2100 a factor of 153850200?
True
Is 171 a factor of 2871245689?
False
Is 104304750 a multiple of 125?
True
Does 10 divide 9657550?
True
Does 146 divide 31330432?
True
Does 58 divide 18702100?
True
Does 295 divide 263696960?
True
Does 11777 divide 2987271381?
True
Is 6128 a factor of 414081216?
True
Does 19 divide 182342287?
False
Is 44 a factor of 83639908?
True
Does 70 divide 257540570?
True
Does 599 divide 6698575805?
False
Does 1686 divide 528793668?
True
Does 27 divide 150534516?
False
Is 815906212 a multiple of 11?
True
Does 3 divide 786234?
True
Is 13364444 a multiple of 361?
False
Does 78 divide 12998310?
True
Does 30 divide 7256430?
True
Is 58469707 a multiple of 1036?
False
Is 2448 a factor of 230307722?
False
Does 8 divide 4266326270?
False
Is 21573708 a multiple of 492?
True
Does 5 divide 8920358?
False
Is 183159704 a multiple of 86?
True
Does 487 divide 25554464?
False
Is 161 a factor of 9767870?
True
Is 283475178 a multiple of 63?
True
Does 30 divide 4303594260?
True
Is 15 a factor of 32778050?
False
Does 4 divide 143842863?
False
Is 48 a factor of 106737938?
False
Does 92 divide 163522916?
True
Is 7035535 a multiple of 108?
False
Does 1558 divide 1923838654?
True
Does 42 divide 701011542?
True
Is 3011 a factor of 603919281?
True
Is 2665 a factor of 323341785?
True
Is 6314 a factor of 1034599412?
True
Is 1529557810 a multiple of 193?
True
Is 1972068102 a multiple of 779?
True
Is 624810920 a multiple of 40?
True
Does 11 divide 20459004?
False
Does 10 divide 437675307?
False
Does 22 divide 207926046?
False
Is 415 a factor of 288403257?
False
Does 441 divide 168599545?
False
Is 19 a factor of 568695496?
False
Is 15 a factor of 38812875?
True
Does 8 divide 739622872?
True
Is 272647300 a multiple of 1232?
False
Is 898 a factor of 31924377?
False
Is 691498339 a multiple of 110?
False
Is 1110454224 a multiple of 1023?
True
Does 4730 divide 104906670?
True
Is 87288810 a multiple of 14?
True
Is 17864192 a multiple of 128?
True
Is 534 a factor of 564665445?
False
Does 12 divide 2341355?
False
Is 45 a factor of 11647385?
False
Is 1364800680 a multiple of 414?
True
Is 3562271 a multiple of 19?
False
Is 60983029 a multiple of 32?
False
Does 19 divide 960303662?
True
Does 7256 divide 376702496?
True
Is 339738155 a multiple of 137?
False
Is 848988868 a multiple of 26?
True
Is 6 a factor of 124710303?
False
Is 1173 a factor of 36281939?
False
Does 21 divide 22755710?
False
Is 224238240 a multiple of 881?
False
Does 538 divide 263910453?
False
Is 61 a factor of 3594064?
False
Is 353 a factor of 23230224?
True
Does 588 divide 1304041704?
True
Is 68619888 a multiple of 272?
True
Is 45106914 a multiple of 160?
False
Is 533492754 a multiple of 57?
True
Is 251168598 a multiple of 122?
True
Is 373 a factor of 2786693817?
True
Is 169 a factor of 34195629?
True
Is 1377 a factor of 192683610?
True
Does 904 divide 7821408?
True
Does 5 divide 49774750?
True
Is 2254680480 a multiple of 240?
True
Is 300814926 a multiple of 11?
False
Does 64 divide 11011904?
True
Is 59867020 a multiple of 290?
True
Does 2208 divide 768706638?
False
Is 21646349 a multiple of 23?
False
Is 2817288104 a multiple of 102?
False
Is 20 a factor of 59196199?
False
Is 1119 a factor of 31686723?
True
Is 11318055 a multiple of 15?
True
Is 1903825725 a multiple of 9074?
False
Is 111 a factor of 42666652?
False
Is 2975779 even?
False
Is 54 a factor of 18581292?
True
Does 14 divide 54507637?
False
Is 187 a factor of 127313599?
False
Does 11 divide 18631214?
False
Does 2917 divide 25389568?
True
Is 518 a factor of 324995789?
False
Is 2255966713 a multiple of 13?
True
Is 2 a factor of 14101593?
False
Is 383758613 a multiple of 80?
False
Is 1028706030 a multiple of 327?
True
Does 100 divide 849657311?
False
Is 26810920 a multiple of 86?
False
Is 33 a factor of 18657169?
False
Is 70152455 a multiple of 15?
False
Does 3 divide 6113313?
True
Is 60461501 a multiple of 14?
False
Does 1144 divide 4234088731?
False
Does 15 divide 158880?
True
Is 2573 a factor of 2561574522?
False
Is 337388940 a multiple of 14?
True
Does 165 divide 19300710?
True
Is 3839 a factor of 2000760113?
True
Is 263 a factor of 1866361879?
True
Is 30168484 a multiple of 2637?
False
Is 553 a factor of 5846316?
True
Does 57 divide 92556375?
False
Is 179 a factor of 6871273?
True
Does 2978 divide 2662564284?
True
Does 227 divide 14415408?
True
Is 237476081 a multiple of 1679?
True
Is 1513342 a multiple of 86?
True
Is 4194 a factor of 568869074?
False
Is 16 a factor of 217036272?
True
Is 42944059 a multiple of 23?
True
Does 64 divide 2245250268?
False
Is 237 a factor of 69291923?
False
Does 42 divide 47395226?
False
Is 403 a factor of 22328215?
True
Is 75 a factor of 20067300?
True
Does 6 divide 15340674?
True
Is 53 a factor of 302555270?
True
Does 117 divide 17248217?
False
Is 738 a factor of 97276518?
True
Is 32373929 a multiple of 893?
True
Is 3720 a factor of 154238640?
True
Is 18475856 a multiple of 3?
False
Is 512745816 a multiple of 964?
True
Is 127 a factor of 807630870?
False
Does 12 divide 148512645?
False
Is 4795 a factor of 5485334659?
False
Is 72113970 a multiple of 36?
False
Is 233132322 a multiple of 582?
True
Is 40048722 a multiple of 606?
True
Does 266 divide 1303204288?
False
Is 3061567 a multiple of 116?
False
Is 105132435 a multiple of 112?
False
Does 76 divide 13898576?
True
Is 31 a factor of 1020766467?
False
Does 19 divide 486039038?
True
Is 47 a factor of 665990141?
True
Is 1238 a factor of 30491940?
True
Is 233804967 a multiple of 27?
False
Does 1510 divide 84960150?
True
Does 29 divide 22676831?
False
Is 4342228 a multiple of 638?
True
Does 319 divide 27956203?
True
Is 5634317 a multiple of 1503?
False
Is 3 a factor of 26721810?
True
Is 331319940 a multiple of 2170?
True
Is 41011260 a multiple of 68?
False
Does 42 divide 60626412?
True
Is 106433463 even?
False
Is 86 a factor of 6019140?
True
Is 438666828 a multiple of 4913?
False
Does 603 divide 133318717?
False
Is 686075142 a multiple of 4064?
False
Does 11 divide 173324492?
True
Is 2021 a factor of 942497392?
True
Does 164 divide 244516292?
True
Is 67 a factor of 133601897?
False
Is 506307188 a multiple of 23?
True
Is 5 a factor of 3978663?
False
Does 43 divide 2060968414?
True
Is 185 a factor of 21878655?
True
Is 423 a factor of 221529351?
False
Is 12 a factor of 12218176?
False
Does 13 divide 1622075?
True
Is 84 a factor of 548130156?
True
Is 15 a factor of 316341088?
False
Does 119 divide 153570858?
False
Is 15631025 a multiple of 324?
False
Is 4 a factor of 2389310?
False
Does 809 divide 476695160?
True
Is 14 a factor of 32084163?
False
Is 148683887 a multiple of 17?
True
Is 22 a factor of 808023643?
False
Is 10511 a factor of 2419485046?
True
Does 38 divide 4799552?
True
Is 296186930 a multiple of 127?
False
Does 476 divide 13237460?
False
Does 14 divide 60104674?
True
Does 511 divide 1266532918?
True
Is 15175093 a multiple of 245?
False
Is 8270 a factor of 3474119490?
True
Is 7